  {"id":669,"date":"2017-12-28T14:35:45","date_gmt":"2017-12-28T07:35:45","guid":{"rendered":"http:\/\/govietmy.com\/?post_type=product&#038;p=669"},"modified":"2018-03-28T01:26:56","modified_gmt":"2018-03-27T18:26:56","slug":"go-tan-bi-ash","status":"publish","type":"product","link":"\/?product=go-tan-bi-ash","title":{"rendered":"G\u1ed7 T\u1ea7n B\u00ec (ASH)"},"content":{"rendered":"<p>Hi\u1ec7n nay th\u1ecb tr\u01b0\u1eddng n\u1ed9i th\u1ea5t t\u1eeb g\u1ed7 s\u1ed3i r\u1ea5t s\u00f4i n\u1ed5i v\u1edbi c\u00e1c d\u00f2ng g\u1ed7 nh\u1eadp kh\u1ea9u, n\u1ed5i l\u00ean \u0111\u00ecnh \u0111\u00e1m c\u00f3 nh\u1eefng t\u00ean tu\u1ed5i l\u1edbn nh\u01b0 g\u1ed7 S\u1ed3i (t\u00ean ti\u1ebfng Anh l\u00e0 OAK), g\u1ed7 \u00f3c ch\u00f3 (t\u00ean ti\u1ebfng Anh l\u00e0 Walnut) v\u00e0 m\u1ed9t lo\u1ea1i g\u1ed7 n\u1eefa c\u00f3 t\u00ean l\u00e0 T\u1ea7n B\u00ec (ti\u1ebfng anh vi\u1ebft t\u1eaft l\u00e0 ASH). Ch\u00fang l\u00e0\u00a0\u00a0nh\u1eefng d\u00f2ng nguy\u00ean li\u1ec7u m\u1edbi, m\u00e0u s\u1eafc b\u1eaft m\u1eaft v\u00e0 cho v\u00e2n r\u1ea5t\u00a0\u0111\u1eb9p.<\/p>\n<p><img decoding=\"async\" loading=\"lazy\" class=\"size-full wp-image-670 aligncenter\" src=\"https:\/\/i1.wp.com\/govietmy.com\/wp-content\/uploads\/2017\/12\/1-Ash_3.jpg?resize=900%2C570\" alt=\"\" width=\"900\" height=\"570\" srcset=\"\/wp-content\/uploads\/2017\/12\/1-Ash_3.jpg 900w, \/wp-content\/uploads\/2017\/12\/1-Ash_3-768x486.jpg 768w, \/wp-content\/uploads\/2017\/12\/1-Ash_3-770x488.jpg 770w\" sizes=\"(max-width: 900px) 100vw, 900px\" data-recalc-dims=\"1\" \/><\/p>\n<p>Ch\u00ednh v\u00ec l\u00e0 nguy\u00ean li\u1ec7u nh\u1eadp kh\u1ea9u kh\u00f4ng c\u00f3 trong c\u00e1c nh\u00f3m g\u1ed7 th\u00f4ng d\u1ee5ng c\u1ee7a Vi\u00eat Nam n\u00ean t\u00ean g\u1ed7 khi\u00a0\u0111\u1ebfn tai kh\u00e1ch h\u00e0ng m\u00e9o m\u00f3\u00a0\u0111i r\u1ea5t nhi\u1ec1u. Khi nh\u1eafc\u00a0\u0111\u1ebfn g\u1ed7 s\u1ed3i r\u1ea5t nhi\u1ec1u kh\u00e1ch h\u00e0ng th\u1eafc m\u1eafc th\u1ebf n\u00e0o l\u00e0 s\u1ed3i tr\u1eafng, s\u1ed3i\u00a0\u0111\u1ecf, s\u1ed3i M\u1ef9, s\u1ed3i Nga,\u00a0<strong>g\u1ed7\u00a0t\u1ea7n b\u00ec<\/strong>,\u00a0<strong>g\u1ed7\u00a0ASH<\/strong>\u2026v\u00e0 d\u01b0\u1eddng nh\u01b0 th\u00f4ng tin v\u1ec1 ch\u00fang m\u1ed7i ng\u01b0\u1eddi hi\u1ec3u 1 kh\u00e1c kh\u00f4ng bi\u1ebft l\u00e0 do v\u00f4 t\u00ecnh hay c\u1ed1 \u00fd c\u1ee7a c\u00e1c d\u00e2n bu\u00f4n ho\u1eb7c c\u00e1c \u0111\u01a1n v\u1ecb t\u01b0 v\u1ea5n n\u1ed9i th\u1ea5t t\u01b0 v\u1ea5n cho kh\u00e1ch h\u00e0ng c\u1ee7a m\u00ecnh. Ch\u00ednh v\u00ec l\u1ebd\u00a0\u0111\u00f3, Vi\u1ec7t M\u1ef9 Wood xin gi\u1ea3i th\u00edch 1 c\u00e1ch r\u00f5 r\u00e0ng trong b\u00e0i vi\u1ebft d\u01b0\u1edbi\u00a0\u0111\u00e2y.<\/p>\n<h2>G\u1ed7\u00a0ASH \u2013 G\u1ed7 T\u1ea7n b\u00ec l\u00e0 g\u1ed7 g\u00ec?<\/h2>\n<p><strong>G\u1ed7 ASH<\/strong>\u00a0t\u00ean ti\u1ebfng Vi\u1ec7t c\u00f3 ngh\u0129a l\u00e0 T\u1ea7n B\u00ec.\u00a0H\u1ecd g\u1ed7 t\u1ea7n b\u00ec l\u1ea1i c\u00f3 nhi\u1ec1u gi\u1ed1ng theo c\u00e1c v\u00f9ng tr\u1ed3ng g\u1ed7 kh\u00e1c nhau bao g\u1ed3m T\u1ea7n b\u00ec tr\u1eafng\u00a0<em>(Fraxinus Americana)<\/em>, T\u1ea7n b\u00ec xanh\u00a0<em>(Fraxinus pennsylvanica)\u00a0<\/em>T\u1ea7n b\u00ec v\u00e0ng\u00a0<em>(Fraxinus profunda)\u00a0<\/em>v\u00e0 T\u1ea7n b\u00ec Carolina\u00a0<em>(Fraxinus caroliniana)<\/em>.\u00a0 Nh\u1eefng gi\u1ed1ng n\u00e0y m\u1ecdc \u1edf v\u00f9ng \u0111\u1ea5t tr\u0169ng d\u1ecdc theo \u0111\u1ed3ng b\u1eb1ng duy\u00ean h\u1ea3i c\u1ee7a c\u00e1c n\u01b0\u1edbc ch\u00e2u \u00c2u, ch\u00e2u M\u1ef9 v\u00e0 c\u00f3 nhi\u1ec1u \u1edf c\u00e1c khu r\u1eebng n\u01b0\u1edbc Nga. \u0110a s\u1ed1 c\u00e1c d\u00f2ng g\u1ed7 nh\u01b0 S\u1ed3i v\u00e0 T\u1ea7n B\u00ec ng\u00e0y n\u00e0y h\u1ea7u h\u1ebft l\u00e0 g\u1ed7 tr\u1ed3ng \u1edf ph\u01b0\u01a1ng T\u00e2y, ch\u00fang kh\u00f4ng ph\u1ea3i l\u00e0 g\u1ed7 m\u1ecdc t\u1ef1 nhi\u00ean nh\u1edd ti\u1ebfn b\u1ed9 khoa h\u1ecdc c\u0169ng nh\u01b0 ch\u00ednh s\u00e1ch ph\u00e1p lu\u1eadt n\u01b0\u1edbc ngo\u00e0i r\u1ea5t kh\u1eaft khe. Ch\u00ednh v\u00ec th\u1ebf, ch\u00fang ta th\u01b0\u1eddng th\u1ea5y g\u1ed7 nguy\u00ean li\u1ec7u c\u1ee7a c\u00e1c d\u00f2ng g\u1ed7 n\u00e0y hi\u1ebfm c\u00f3 \u0111\u01b0\u1eddng k\u00ednh n\u00e0o th\u1eadt l\u1edbn tr\u00ean 40cm (sau khi b\u1ecf v\u1ecf v\u00e0 gi\u00e1c g\u1ed7).<\/p>\n<p><img decoding=\"async\" loading=\"lazy\" class=\"size-medium wp-image-671 aligncenter\" src=\"https:\/\/i2.wp.com\/govietmy.com\/wp-content\/uploads\/2017\/12\/go-tan-bi-ash-co-tot-khong.jpg?resize=500%2C334\" alt=\"\" width=\"500\" height=\"334\" data-recalc-dims=\"1\" \/><\/p>\n<p><strong>G\u1ed7 t\u1ea7n b\u00ec<\/strong>\u00a0c\u00f3 d\u00e1t g\u1ed7 m\u00e0u t\u1eeb nh\u1ea1t \u0111\u1ebfn g\u1ea7n nh\u01b0 tr\u1eafng, t\u00e2m g\u1ed7 c\u00f3 m\u00e0u s\u1eafc \u0111a d\u1ea1ng, t\u1eeb n\u00e2u x\u00e1m \u0111\u1ebfn n\u00e2u nh\u1ea1t ho\u1eb7c v\u00e0ng nh\u1ea1t s\u1ecdc n\u00e2u. Nh\u00ecn chung v\u00e2n g\u1ed7 nh\u01b0 elip \u0111\u1ed3ng t\u00e2m,\u00a0m\u1eb7t g\u1ed7 th\u00f4 \u0111\u1ec1u. Th\u1ee9 h\u1ea1ng v\u00e0 tr\u1eef l\u01b0\u1ee3ng t\u1ea7n b\u00ec c\u00f3 d\u00e1t g\u1ed7 m\u00e0u v\u00e0ng nh\u1ea1t v\u00e0 m\u1ed9t s\u1ed1 \u0111\u1eb7c t\u00ednh kh\u00e1c t\u00f9y v\u00e0o t\u1eebng v\u00f9ng tr\u1ed3ng g\u1ed7. Theo quan \u0111i\u1ec3m c\u00e1 nh\u00e2n c\u1ee7a Vi\u1ec7t M\u1ef9 Wood th\u00ec \u0111\u00e2y l\u00e0 d\u00f2ng g\u1ed7 c\u00f3 v\u00e2n \u0111\u1eb9p nh\u1ea5t v\u00e0 s\u00e1ng nh\u1ea5t. Ch\u00fang ph\u00f9 h\u1ee3p \u0111\u1ec3 \u0111\u00f3ng \u0111\u1ed3 n\u1ed9i th\u1ea5t nh\u01b0 c\u1eeda g\u1ed7 th\u00f4ng ph\u00f2ng, t\u1ee7 b\u1ebfp g\u1ed7, b\u00e0n \u0103n hay d\u00f9ng l\u00f3t b\u1eadc c\u1ea7u thang kh\u00e1 \u0111\u1eb9p.<\/p>\n","protected":false},"excerpt":{"rendered":"<p>Hi\u1ec7n nay th\u1ecb tr\u01b0\u1eddng n\u1ed9i th\u1ea5t t\u1eeb g\u1ed7 s\u1ed3i r\u1ea5t s\u00f4i n\u1ed5i v\u1edbi c\u00e1c d\u00f2ng g\u1ed7 nh\u1eadp kh\u1ea9u, n\u1ed5i l\u00ean \u0111\u00ecnh \u0111\u00e1m c\u00f3 nh\u1eefng t\u00ean tu\u1ed5i l\u1edbn nh\u01b0 g\u1ed7 S\u1ed3i (t\u00ean ti\u1ebfng Anh l\u00e0 OAK), g\u1ed7 \u00f3c ch\u00f3 (t\u00ean ti\u1ebfng Anh l\u00e0 Walnut) v\u00e0 m\u1ed9t lo\u1ea1i g\u1ed7 n\u1eefa c\u00f3 t\u00ean l\u00e0 T\u1ea7n B\u00ec (ti\u1ebfng anh vi\u1ebft t\u1eaft l\u00e0 ASH). Ch\u00fang l\u00e0\u00a0\u00a0nh\u1eefng d\u00f2ng nguy\u00ean li\u1ec7u m\u1edbi, m\u00e0u s\u1eafc b\u1eaft m\u1eaft v\u00e0 cho v\u00e2n r\u1ea5t\u00a0\u0111\u1eb9p. Ch\u00ednh v\u00ec l\u00e0 nguy\u00ean li\u1ec7u nh\u1eadp kh\u1ea9u kh\u00f4ng c\u00f3 trong c\u00e1c nh\u00f3m g\u1ed7 th\u00f4ng d\u1ee5ng c\u1ee7a Vi\u00eat Nam n\u00ean t\u00ean g\u1ed7 khi\u00a0\u0111\u1ebfn tai kh\u00e1ch h\u00e0ng m\u00e9o m\u00f3\u00a0\u0111i <\/p>\n","protected":false},"featured_media":902,"comment_status":"open","ping_status":"closed","template":"","meta":[],"_links":{"self":[{"href":"\/index.php?rest_route=\/wp\/v2\/product\/669"}],"collection":[{"href":"\/index.php?rest_route=\/wp\/v2\/product"}],"about":[{"href":"\/index.php?rest_route=\/wp\/v2\/types\/product"}],"replies":[{"embeddable":true,"href":"\/index.php?rest_route=%2Fwp%2Fv2%2Fcomments&post=669"}],"wp:featuredmedia":[{"embeddable":true,"href":"\/index.php?rest_route=\/wp\/v2\/media\/902"}],"wp:attachment":[{"href":"\/index.php?rest_route=%2Fwp%2Fv2%2Fmedia&parent=669"}],"curies":[{"name":"wp","href":"https:\/\/api.w.org\/{rel}","templated":true}]}}